.
39
What is the remainder when 8028128 is divided by 3245?
3243
What is the remainder when 816841 is divided by 272262?
55
Calculate the remainder when 2871893 is divided by 9117.
38
Calculate the remainder when 223059677 is divided by 6068.
6065
What is the remainder when 141133987 is divided by 141133980?
7
What is the remainder when 14318849 is divided by 135083?
51
What is the remainder when 1647849 is divided by 411958?
17
What is the remainder when 2848139 is divided by 48273?
32
What is the remainder when 572883 is divided by 20455?
143
What is the remainder when 1831737065 is divided by 14?
11
Calculate the remainder when 2291216 is divided by 2291166.
50
Calculate the remainder when 982896 is divided by 35100.
96
Calculate the remainder when 2055626 is divided by 14476.
34
What is the remainder when 82312 is divided by 20245?
1332
What is the remainder when 403993 is divided by 512?
25
What is the remainder when 687867 is divided by 229065?
672
What is the remainder when 865228 is divided by 1323?
1309
What is the remainder when 3149520 is divided by 4002?
3948
Calculate the remainder when 38739 is divided by 5529.
36
What is the remainder when 15104425 is divided by 438?
433
What is the remainder when 804210 is divided by 100524?
18
What is the remainder when 801228 is divided by 139?
32
What is the remainder when 1030551 is divided by 114498?
69
Calculate the remainder when 110572 is divided by 1172.
404
Calculate the remainder when 152724 is divided by 1958.
0
What is the remainder when 430865 is divided by 6244?
29
Calculate the remainder when 48166 is divided by 1312.
934
What is the remainder when 8107 is divided by 921?
739
Calculate the remainder when 6481489 is divided by 3240624.
241
What is the remainder when 1281246 is divided by 73?
23
Calculate the remainder when 12879343 is divided by 89.
64
What is the remainder when 3114290 is divided by 153?
128
What is the remainder when 26221 is divided by 8738?
7
What is the remainder when 11681782 is divided by 1068?
1066
Calculate the remainder when 2593370 is divided by 60304.
298
Calculate the remainder when 4184438 is divided by 37.
34
What is the remainder when 66234 is divided by 72?
66
What is the remainder when 316930 is divided by 158368?
194
Calculate the remainder when 1044409 is divided by 347748.
1165
What is the remainder when 576087 is divided by 45?
42
Calculate the remainder when 149558 is divided by 195.
188
Calculate the remainder when 105044 is divided by 4770.
104
Calculate the remainder when 822467 is divided by 408280.
5907
Calculate the remainder when 1884120 is divided by 15.
0
What is the remainder when 102275 is divided by 14038?
4009
What is the remainder when 5243706 is divided by 5339?
808
Calculate the remainder when 2747937 is divided by 9778.
319
What is the remainder when 19299339 is divided by 946?
939
Calculate the remainder when 14601341 is divided by 7.
6
What is the remainder when 7070207 is divided by 785577?
14
Calculate the remainder when 142686091 is divided by 11.
9
What is the remainder when 913796 is divided by 574?
562
What is the remainder when 3837422 is divided by 1279111?
89
What is the remainder when 346807 is divided by 49470?
517
What is the remainder when 104583 is divided by 33212?
4947
Calculate the remainder when 2239943 is divided by 2388.
2387
What is the remainder when 25388177 is divided by 142?
139
Calculate the remainder when 214558 is divided by 234.
214
Calculate the remainder when 454904 is divided by 10821.
422
What is the remainder when 320603 is divided by 217?
94
What is the remainder when 10872558 is divided by 362418?
18
Calculate the remainder when 3027560 is divided by 301.
102
Calculate the remainder when 65001404 is divided by 105.
104
Calculate the remainder when 24352510 is divided by 574.
560
What is the remainder when 89789828 is divided by 18959?
4
What is the remainder when 170105 is divided by 8509?
8434
Calculate the remainder when 24071 is divided by 2135.
586
What is the remainder when 11432 is divided by 203?
64
What is the remainder when 101809 is divided by 289?
81
Calculate the remainder when 2835808 is divided by 3874.
40
Calculate the remainder when 108592 is divided by 1593.
268
Calculate the remainder when 1698170 is divided by 91.
19
Calculate the remainder when 1509050 is divided by 502971.
137
Calculate the remainder when 10720001 is divided by 518.
509
What is the remainder when 288597 is divided by 286248?
2349
Calculate the remainder when 4146493 is divided by 44584.
181
What is the remainder when 124221 is divided by 41328?
237
What is the remainder when 1606122 is divided by 106?
10
Calculate the remainder when 677371 is divided by 84667.
35
What is the remainder when 16239212 is divided by 2706534?
8
What is the remainder when 11008443 is divided by 425?
93
What is the remainder when 4458109 is divided by 2845?
2839
Calculate the remainder when 7733512 is divided by 241672.
8
What is the remainder when 12968433 is divided by 958?
945
Calculate the remainder when 223270 is divided by 3447.
2662
What is the remainder when 62169543 is divided by 3885595?
23
What is the remainder when 160580456 is divided by 437?
436
Calculate the remainder when 4839258 is divided by 228.
186
Calculate the remainder when 26718558 is divided by 505.
18
Calculate the remainder when 3149164 is divided by 259.
242
Calculate the remainder when 95196 is divided by 8632.
244
Calculate the remainder when 52874 is divided by 10453.
609
What is the remainder when 413526427 is divided by 40?
27
Calculate the remainder when 17518855 is divided by 594.
13
What is the remainder when 203064 is divided by 519?
135
What is the remainder when 185143381 is divided by 13?
7
Calculate the remainder when 201040 is divided by 6667.
1030
Calculate the remainder when 7813980 is divided by 111.
24
Calculate the remainder when 1116578 is divided by 7973.
358
Calculate the remainder when 17834717 is divided by 41.
4
What is the remainder when 2208957 is divided by 315563?
16
What is the remainder when 162335367 is divided by 509?
506
Calculate the remainder when 58824 is divided by 57679.
1145
What is the remainder when 12812085 is divided by 4270691?
12
What is the remainder when 1434334 is divided by 717146?
42
Calculate the remainder when 21752540 is divided by 6240.
6140
Calculate the remainder when 6309 is divided by 273.
30
What is the remainder when 107854 is divided by 107805?
49
What is the remainder when 748793 is divided by 7793?
665
Calculate the remainder when 125544 is divided by 182.
146
What is the remainder when 17020 is divided by 892?
72
What is the remainder when 2788906296 is divided by 43?
41
What is the remainder when 4293810 is divided by 1431126?
432
What is the remainder when 7856408 is divided by 1964093?
36
Calculate the remainder when 93317061 is divided by 169.
162
What is the remainder when 23472165 is divided by 143?
2
What is the remainder when 3363843 is divided by 51?
36
What is the remainder when 978117 is divided by 13578?
501
What is the remainder when 1203476 is divided by 1401?
17
Calculate the remainder when 154555 is divided by 3220.
3215
What is the remainder when 7506518 is divided by 23906?
34
Calculate the remainder when 51221 is divided by 1547.
170
What is the remainder when 752593134 is divided by 473?
469
Calculate the remainder when 39746743 is divided by 7880.
23
Calculate the remainder when 464813 is divided by 778.
347
What is the remainder when 4029968 is divided by 1415?
48
Calculate the remainder when 1260557 is divided by 18.
17
What is the remainder when 12165195 is divided by 100?
95
What is the remainder when 19064156 is divided by 79?
34
Calculate the remainder when 1993499 is divided by 35598.
11
Calculate the remainder when 42597974 is divided by 23.
19
What is the remainder when 1550120 is divided by 1550066?
54
Calculate the remainder when 1422348 is divided by 6972.
60
Calculate the remainder when 54177527 is divided by 1097.
1085
What is the remainder when 216033 is divided by 1532?
21
Calculate the remainder when 28151 is divided by 4743.
4436
What is the remainder when 112287 is divided by 4491?
12
What is the remainder when 37740 is divided by 990?
1